1).
0
Let l(j) = -j**3 + 20*j**2 - 15*j - 112. What is l(3)?
-4
Let c(r) = -2*r**3 + 126*r**2 - 243*r - 92. Give c(61).
-31
Let m(c) = 44*c + 87. Give m(-2).
-1
Let b(d) = d**3 + 40*d**2 + 6*d + 146. Calculate b(-40).
-94
Let k(y) = 12*y + 466. Give k(-51).
-146
Let i(j) = 43*j + 1765. What is i(-41)?
2
Let u(p) = -p**3 + 5*p**2 + 11*p - 25. Determine u(6).
5
Let k(s) = -3*s**3 + s**2 + 9*s - 15. Give k(3).
-60
Let z(f) = 2*f**3 - 3*f**2 + 39*f - 144. Determine z(3).
0
Let c(j) = -12*j**3 + 60*j**2 - 13*j + 73. What is c(5)?
8
Let d(o) = 30*o + 3. What is d(5)?
153
Let l(t) = -t**2 + 169*t - 4609. What is l(135)?
-19
Let p(x) = x**2 + 104*x - 1954. Calculate p(-120).
-34
Let r(a) = 435*a - 8266. Determine r(19).
-1
Let q(n) = -3*n - 40. What is q(18)?
-94
Let q(k) = -29*k**2 + 268*k - 48. Determine q(9).
15
Let n(j) = 1060*j + 148. What is n(0)?
148
Let m(t) = -18*t**2 + 124*t + 18. What is m(7)?
4
Let t(f) = 3*f**2 - 23*f + 75. Give t(7).
61
Let z(r) = -r**3 - 248. Calculate z(-6).
-32
Let z(b) = -2*b**2 - 26*b + 148. Calculate z(-17).
12
Let n(t) = t**3 - 15*t**2 + 45*t + 15. What is n(11)?
26
Let m(v) = 78*v**2 - 3975*v - 137. What is m(51)?
16
Let p(t) = 3*t**2 + 168*t - 622. Give p(4).
98
Let c(y) = -y**3 + 6*y**2 + 5*y - 12. Give c(6).
18
Let r(x) = x**2 - 38*x + 269. What is r(10)?
-11
Let r(t) = t**2 + 8553*t - 34223. Determine r(4).
5
Let b(i) = -35*i + 935. What is b(27)?
-10
Let a(v) = 23*v**2 - 109*v - 5. Determine a(4).
-73
Let v(c) = c**2 + 120*c - 13322. Determine v(70).
-22
Let h(l) = -l**2 + 31*l + 92. Determine h(37).
-130
Let t(g) = g**2 - 165*g - 2544. Give t(-16).
352
Let l(a) = 26461*a - 158768. Determine l(6).
-2
Let h(r) = 4*r**2 - 1508*r + 10371. Determine h(370).
11
Let x(i) = -i**2 + 77*i + 84. Calculate x(78).
6
Let d(o) = 109*o - 1473. What is d(13)?
-56
Let v(m) = -6*m**3 + 905*m**2 - 749*m - 145. What is v(150)?
5
Let y(b) = 6*b**2 - 193*b + 1060. What is y(7)?
3
Let c(a) = -2*a**3 - 40*a**2 + a + 56. What is c(-20)?
36
Let y(q) = q**3 + 9*q**2 + 13*q - 31. What is y(-10)?
-261
Let m(c) = 9*c**2 + 103*c + 203. Calculate m(-9).
5
Let j(w) = 7*w**2 + 8*w + 62. Calculate j(0).
62
Let l(j) = 21*j**2 - 76*j + 1. Calculate l(3).
-38
Let k(p) = -p**3 - 5*p**2 + 40*p + 200. Determine k(-5).
0
Let b(a) = -411*a - 1777. Determine b(-5).
278
Let w(q) = 93*q + 848. Calculate w(-6).
290
Let f(r) = -101*r + 2395. Determine f(24).
-29
Let u(k) = -k**3 + 33*k**2 + 8*k - 247. What is u(33)?
17
Let j(d) = 83*d - 88. Give j(3).
161
Let i(y) = -y**2 - 665*y + 23037. What is i(33)?
3
Let c(q) = -q + 192. Determine c(51).
141
Let n(z) = 5*z + 109. Give n(-14).
39
Let y(f) = -f**3 + 43*f**2 - 438*f - 430. Give y(24).
2
Let g(x) = -x**2 - 29*x + 3335. Give g(-74).
5
Let b(c) = -c**2 - 53*c - 512. What is b(-40)?
8
Let q(f) = -11*f**3 + 13*f**2 + 24*f - 13. Give q(2).
-1
Let a(z) = -20*z**3 + 98*z**2 - z + 20. Give a(4).
304
Let c(i) = -i**3 - 147*i**2 - 3767*i - 158. Calculate c(-33).
7
Let z(y) = -6*y**2 - 314*y - 80. Determine z(-52).
24
Let q(g) = g**3 - 3*g**2 - 22*g + 10. Give q(6).
-14
Let i(k) = -31*k - 858. Determine i(-28).
10
Let n(q) = -27*q**2 - 19*q - 44. Give n(-4).
-400
Let u(d) = -5*d - 102. Calculate u(18).
-192
Let a(j) = -3*j**3 + 57*j**2 - 161*j - 285. Give a(15).
0
Let y(x) = 7*x**2 + 125*x + 370. Give y(-3).
58
Let w(o) = o**3 - 40*o**2 + 76*o - 2. What is w(38)?
-2
Let a(y) = y**3 + 5*y**2 + 21*y + 67. Calculate a(-4).
-1
Let r(g) = 105*g + 806. Give r(-8).
-34
Let g(u) = -36*u**2 - 204*u - 133. Give g(-5).
-13
Let m(z) = -354*z + 2817. What is m(8)?
-15
Let h(w) = 2*w**2 - 7*w + 7. What is h(4)?
11
Let j(d) = d**2 + 288*d + 4341. Give j(-16).
-11
Let m(k) = -3*k**2 + 9*k + 23. What is m(9)?
-139
Let g(i) = 4*i**2 - 16*i - 58. What is g(0)?
-58
Let j(k) = -k**3 - 11*k**2 + 6*k + 23. What is j(-11)?
-43
Let t(r) = -r**3 + r**2 + 171*r - 386. What is t(12)?
82
Let t(r) = -r**2 + 43*r - 156. What is t(40)?
-36
Let m(q) = q**3 + 48*q**2 + 250*q - 108. Determine m(-42).
-24
Let l(v) = -60*v**2 - 403*v - 252. Determine l(-6).
6
Let h(p) = p**3 - 16*p**2 + 20*p + 239. Give h(6).
-1
Let i(s) = s**3 - 6*s**2 - 351*s + 2095. Give i(6).
-11
Let q(u) = u**3 - 29*u**2 + 34*u - 146. Give q(28).
22
Let z(s) = -2*s**3 + 39*s**2 - 10*s - 167. Determine z(19).
4
Let c(f) = -5*f**2 - 27*f - 69. Determine c(-5).
-59
Let u(f) = -61*f**2 + 59*f - 2. Determine u(1).
-4
Let t(a) = -a**3 + 22*a**2 - 70*a + 9. Determine t(4).
17
Let h(o) = 14*o**2 + 5*o + 5. Give h(-1).
14
Let l(w) = -172*w - 1150. Give l(-9).
398
Let i(n) = -n**2 + 11*n - 8. Give i(3).
16
Let k(w) = w**3 - 5*w**2 - 4*w + 5. Calculate k(-2).
-15
Let z(a) = 118*a + 822. Determine z(-7).
-4
Let a(m) = -m**3 + 26*m**2 + 60*m - 901. Give a(27).
-10
Let m(s) = 54*s + 539. Calculate m(-10).
-1
Let b(j) = -2*j**3 - 261*j**2 + 1351*j + 10. What is b(5)?
-10
Let f(d) = 2*d**2 - 110*d + 107. What is f(0)?
107
Let n(t) = 19*t + 229. Give n(-14).
-37
Let v(x) = x**2 + 11456*x + 34356. Calculate v(-3).
-3
Let f(l) = 9*l**3 + l**2 + 6. Give f(-2).
-62
Let x(m) = -5*m + 180. Calculate x(46).
-50
Let s(j) = 3*j**3 + 31*j**2 - 25*j - 3. Calculate s(-11).
30
Let g(c) = 81*c - 799. What is g(10)?
11
Let u(b) = -2*b**3 - 20*b**2 + 68*b + 753. Calculate u(-9).
-21
Let t(g) = g**3 + 52*g**2 + 197*g + 4. Calculate t(-4).
-16
Let b(d) = 22*d + 157. Calculate b(-6).
25
Let o(g) = g**3 - 74*g**2 + 67*g + 558. What is o(73)?
120
Let z(b) = 7*b**3 - b**2 + 50*b - 48. Determine z(1).
8
Let y(p) = -p**3 + 11*p**2 - 8*p + 31. What is y(10)?
51
Let s(g) = 325*g + 713. Determine s(-2).
63
Let j(x) = -x**3 + 41*x**2 + 6*x - 250. Determine j(41).
-4
Let f(v) = 10*v + 184. Determine f(-20).
-16
Let a(d) = -199*d**2 - 6966*d - 41. Calculate a(-35).
-6
Let m(w) = -2*w**3 + 10*w**2 - 86*w + 427. What is m(5)?
-3
Let f(j) = -3*j**2 + 47*j + 79. What is f(22)?
-339
Let x(i) = 2*i**3 + 79*i**2 - 127*i - 136. Determine x(-41).
28
Let a(k) = k**3 + 135*k**2 + 133*k - 226. Determine a(-134).
-92
Let f(l) = -3*l**3 + l**2 + 35*l + 89. Determine f(5).
-86
Let i(n) = -n**3 - 14*n**2 + 9*n - 15. What is i(-15)?
75
Let t(h) = -2*h**2 + h + 8. Determine t(-5).
-47
Let m(l) = 51*l - 95. Give m(6).
211
Let g(y) = y**2 + 9*y - 126. Give g(-18).
36
Let f(y) = 39*y**2 - 155*y - 202. Determine f(5).
-2
Let f(y) = 75*y**2 - 36*y - 7. Determine f(-2).
365
Let m(j) = 2*j**3 - 3*j**2 + 2*j + 8. Determine m(-2).
-24
Let q(k) = 25*k + 119. Give q(9).
344
Let r(v) = 1353*v + 33822. Determine r(-25).
-3
Let k(a) = -a**2 - 2*a + 164. What is k(12)?
-4
Let s(k) = -11*k**2 + 52*k + 236. Determine s(-4).
-148
Let a(p) = 5*p**2 + 481*p + 3105. Calculate a(-7).
-17
Let r(u) = 4*u - 129. Determine r(25).
-29
Let g(j) = j**3 - 132*j**2 + 634*j + 74. Determine g(127).
-53
Let v(o) = -98*o + 1583. Determine v(17).
-83
Let r(b) = 7*b + 126. Determine r(-13).
35
Let y(p) = -3*p**3 - p**2 - 19*p - 43. Calculate y(0).
-43
Let g(r) = 2*r**3 + 11*r**2 + 37*r + 13. Give g(-5).
-147
Let i(u) = -6*u**3 + 24*u**2 + 25*u - 7. Calculate i(5).
-32
Let h(u) = 6*u**2 + 68*u - 3. Calculate h(-6).
-195
Let i(t) = -2*t**2 + 121*t - 363. What is i(3)?
-18
Let x(s) = -74*s**2 + 204*s - 104. Calculate x(2).
8
Let m(k) = -109*k + 259. Calculate m(6).
-395
Let g(q) = 2*q**3 - 16*q**2 - 16*q + 254. Give g(6).
14
Let p(c) = -c**3 - 33*c**2 - 257*c - 4096. Determine p(-29).
-7
Let x(f) = 87*f - 933. What is x(10)?
-63
Let x(u) = -u**3 + 29*u**2 - 53*u - 18. Calculate x(27).
9
Let p(n) = -2936*n + 41093. Calculate p(14).
-11
Let u(d) = 323*d + 5189. Give u(-16).
21
Let s(w) = 58*w - 54. Calculate s(0).
-54
Let y(w) = -20*w**2 - 127*w - 35. Give y(-6).
7
Let a(k) = 19*k - 185. Determine a(12).
43
Let v(w) = -w**3 + 28*w**2 + 22*w + 51. Calculate v(29).
-152
Let o(h) = 4*h**2 - 113*h + 604. Give o(6).
70
Let f(l) = 2*l**3 - 47*l**2 + 29*l - 75. Determine f(23).
63
Let o(m) = 1113*m + 3437. Calculate o(-3).
98
Let k(z) = 208*z + 286. Calculate k(-1).
78
Let y(s) = -2*s**2 + 5332*s + 8. What is y(0)?
8
Let b(c) = c**2 + 28*c - 45603. Calculate b(-228).
-3
Let g(z) = 15*z - 450. Calculate g(28).
-30
Let t(j) = 85*j + 4079. Determine t(-48).
-1
Let o(l) = -l**3 + 52*l**2 - 118*l - 1429. Give o(49).
-8
Let t(w) = w**3 + 2*w**2 + 3*w + 2. Calculate t(-2).
-4
Let v(j) = j**3 +